 -11*x + 16*x - 4*i - 35 = 0. Determine n(x).
-9
Let d(j) be the first derivative of -j**4/4 + j**3/3 + 2*j**2 - 6*j + 243. What is d(3)?
-12
Let y(o) = -o**3 + 11*o**2 + 6*o + 61. Let i be y(12). Let d(k) = -k**3 - 11*k**2 - k - 4. Calculate d(i).
7
Let s = 38 - 13. Suppose 5*r + s - 40 = 0. Let x(j) = j + 2. Determine x(r).
5
Let q(g) = g**3 + 5*g**2 - 6*g + 5. Let c be q(-6). Suppose -4*p - 3 = c*a, 3*a + 6 = 5*p - 18. Let m(b) = b**3 + 4*b**2 + 3*b - 3. Give m(a).
-3
Suppose 2*s + f = 0, -2*s - 4*f - 2 = 10. Let i(w) = w**3 - 3*w**2 + 2*w + 1. Let x be i(s). Suppose -2*h - 1 - x = 0. Let q(y) = -11*y. Determine q(h).
11
Let k(r) = -r**2 - 22. Suppose -5*h + v - 1 = 0, -4*v + 26 - 22 = -5*h. Give k(h).
-22
Let k(m) = -158 + 317 - 160 + 2*m. What is k(7)?
13
Suppose 5*l + 15 = -k, -2*l = -5*k + 6*k + 3. Let y(p) = p**3 + p**2 - 3*p + 1. Give y(l).
-35
Let k be -2 - (-52)/8*2. Let m(g) = g + 5 + 6 - 2 + 6 - 3*g. What is m(k)?
-7
Let g(x) = x - 4 + 2 + 16 + 14. Calculate g(-22).
6
Let l(d) = 10*d + 5. Let h(m) = 10*m + 4. Let f(s) = 4*h(s) - 3*l(s). Let j = 13 + -14. What is f(j)?
-9
Let z(g) = 6*g - 7. Suppose 0 = -2*v + 2*t + 8, 7*t + 50 = 5*v + 12*t. Determine z(v).
35
Suppose -112 = -4*m + 4*r, 68 = 4*m - 2*m + 2*r. Suppose 5*i - m = -16. Let d(l) be the first derivative of l**4/4 - l**3 - 3*l**2/2 + 4*l + 1. Give d(i).
-5
Let z be (-4)/10 - 594/(-135). Let c(h) = z + h**2 + 5*h + 7*h - 7*h - 3. Calculate c(-4).
-3
Let j(v) = -v - 1. Let x(u) = -u**3 - 8*u**2 - 7*u + 2. Let a be x(-7). Suppose 5*i + 33 = -a*t - 0*t, 5 = 5*t. Determine j(i).
6
Let n = 72 - 72. Suppose -3*c - 13 = -l, n = 5*c - 2*l + 7*l + 35. Let v(w) = -3*w - 1. Calculate v(c).
14
Let g be 471/(-21) - 8*2/28. Let c = g + 16. Let h(w) = -2*w - 9. Give h(c).
5
Let n(c) be the first derivative of c**2/2 - c - 5. Suppose z = -0*a + 2*a + 3, -5*z - 7 = a. What is n(z)?
-2
Let d(q) = q + 0*q + 0 + 2*q - 4. Suppose 0 = 11*r - 12*r + 3. What is d(r)?
5
Let w(b) = -b + b**2 - 4*b - 2*b - 1. Let p be (-4)/14 - (-96)/42. Suppose p = 2*s - 10. Give w(s).
-7
Let n(a) = -a**3 - 9*a**2 - 4*a. Suppose -4*s - 11 = -2*w + w, -2*s + 35 = -5*w. What is n(w)?
36
Let f(g) = 711*g - 10 - 1419*g + g**2 + 707*g. Determine f(0).
-10
Let d(s) be the third derivative of 0 + 2/3*s**3 + 1/12*s**4 - 37*s**2 + 0*s. Let f(c) = -3*c + 4. Let j be f(3). Determine d(j).
-6
Let h be 58/(-8) - (-1)/4. Let x(u) = u**3 - 6*u**2 + 4*u + 2. Let b be x(5). Let t(n) = 3*n - 1. Let f(l) = -6*l + 2. Let z(r) = b*f(r) + h*t(r). What is z(2)?
-5
Let v(u) be the third derivative of u**4/24 - 13*u**3/6 - 32*u**2. Give v(17).
4
Let q(h) be the third derivative of -h**6/120 - 11*h**5/60 - h**4/6 - 13*h**3/6 + 2*h**2 + 55. Calculate q(-11).
31
Let y(v) = -83 - 8*v - 4*v - 4*v + 82 + 13*v. Determine y(-2).
5
Let v = 1457 - 1464. Let y(g) = -g - 2. Calculate y(v).
5
Let q(j) be the second derivative of 3*j**5/20 + j**3/6 + j**2/2 - 21*j - 1. Determine q(-1).
-3
Let h(x) = -4*x**2 - 2*x + 1. Let m(o) = o**3 + 43*o**2 - 87*o + 136. Let l be m(-45). Determine h(l).
-5
Let g(v) be the second derivative of -v**3/3 - 37*v**2/2 - 168*v. Determine g(-19).
1
Let y(d) = 31*d + 4. Let k be y(0). Let u(a) = 10*a - 4. What is u(k)?
36
Let y(l) = 35*l**2 - 6. Let h(w) = 25*w**2 + w - 5. Let p(q) = -4*h(q) + 3*y(q). Give p(1).
3
Let r be (3/(-5))/((-11)/(-110)). Let h(n) = -n - 3. What is h(r)?
3
Let v = 12 + -18. Let g(p) = p**2 + 8*p + 8. Calculate g(v).
-4
Let x(h) = 2*h**2 + 2*h - 1. Suppose -21 = 4*f - 32*k + 27*k, -2*f - 8 = -2*k. Determine x(f).
3
Let l(y) = y**2 + 3*y + 1. Let z be (-4)/20 + (-1257)/15. Let f be (-1)/6 - (-238)/z. Calculate l(f).
1
Let m be (5*(-6)/30)/((-4)/16). Let a(j) be the first derivative of -1/4*j**m + 2*j + 2 + 2*j**2 + 4/3*j**3. Give a(5).
-3
Let p(j) be the second derivative of 7/3*j**3 + 8*j - 1/12*j**4 - 19/2*j**2 + 0. Let c be p(13). Let u(w) = w**2 + 7*w - 3. Give u(c).
-9
Let k be ((-40)/(-12))/((-4)/(-6)). Let z(m) = -128 + 245 - 124 + 3*m. What is z(k)?
8
Let a(t) = -t**2 + 8*t - 7. Let k = 25 + -4. Let d be ((-3)/k)/(3/(-21)). Suppose v - 7 = d. Give a(v).
-7
Let k be (-1 + 5 + -9)*-1. Suppose -3*b + k = -10, 0 = 3*a + b + 1. Let h(v) = -v**2 - 2*v. What is h(a)?
0
Suppose 17*i - 70 = 3*i. Let w(f) = 2*f**2 - 7*f + 9. Let p(g) = -3*g**2 + 10*g - 13. Let u(n) = 5*p(n) + 8*w(n). Calculate u(i).
2
Let i(r) = -r**2 + r - 1. Let p(x) = -x**2 + x + 1. Let n(v) = -2*i(v) + p(v). Suppose -y = 10 - 14. Calculate n(y).
15
Let n(j) = j**2 - 6*j - 7. Suppose -3 - 7 = -2*f. Suppose 0*k + m = -5*k + 13, 4*k + f*m = 23. Suppose 0 = -3*g - 6, 5 + 3 = k*s + g. Determine n(s).
-12
Suppose -20 = 4*i, -2*d + 4*d + 17 = -5*i. Let x = -6 - -9. Let a(u) = 0*u + u + x*u - 6*u. Calculate a(d).
-8
Let i(w) = w**2 - 6*w - 2. Let r(y) = -2*y - 17. Let v be r(-11). Suppose -2*o - 29 = -3*p + 2*o, -v*p + 4*o = -43. What is i(p)?
5
Let k(j) = -6*j + 4 + 8*j - j**2 + 3*j. Suppose 0 = 4*a - 16, 5*v + 14 - 59 = -5*a. Give k(v).
4
Suppose 2*j + 0 = -6. Let a(v) be the third derivative of 11*v**2 - 1/60*v**5 - 1/6*v**4 + 0*v - 1/6*v**3 + 0. Determine a(j).
2
Let n(j) = 1 + j + 4*j + 3*j. Let q be -3 + 7/(28/16). Suppose 0 = 3*m - 4*m - q. Calculate n(m).
-7
Let b be ((-3)/4)/(2/(-40)). Suppose -2*t + 17 = b. Suppose 7 = 2*r + t. Let y(q) = q + 1. Calculate y(r).
4
Let j(u) = -7*u - 13. Let f(i) = 6*i + 11. Let v(d) = 6*f(d) + 5*j(d). Suppose 0 = 4*c - 2*c + 2. Determine v(c).
0
Let b(k) = k - 1. Let w(v) = 4*v - 2. Let f(r) = -3*b(r) + w(r). Calculate f(-9).
-8
Suppose 21 = 4*c + a, 4*c + 1 = a + 28. Let r(u) = -u**2 + 3*u + 3. Calculate r(c).
-15
Let n(t) = -59*t + 26. Let j(z) = -37*z + 17. Let a(g) = -8*j(g) + 5*n(g). What is a(7)?
1
Let n(u) = -16*u + 134. Let y be n(8). Let j(q) = -5*q**2 - 3 + q + 6 - 4*q + q**3 - 8. Determine j(y).
13
Let q(r) = -r**3 - 7*r**2 - 7*r - 4. Let s(f) = -f**2 + 2*f - 1. Let i(g) = -7*g**2 + 9*g. Let m(p) = -i(p) + 6*s(p). Let o be m(-3). Calculate q(o).
2
Let r(g) = -g**3 - 7*g**2 - 2*g + 6. Let j(f) = -5*f - 18. Let s = 35 + -39. Let a be j(s). Suppose a*x + 48 = -6*x. Give r(x).
-18
Let t(r) be the second derivative of r**4/12 - 13*r**3/6 + 9*r**2 + 43*r. What is t(12)?
6
Let b(l) = -3*l**3 + 8*l**2 - 7*l. Let x(c) = -4*c**3 + 9*c**2 - 8*c. Let s(n) = -3*b(n) + 2*x(n). Let g be 15/(-5) - (3 - 10). Calculate s(g).
-12
Let y(q) = -q + 19 - 4*q + 2*q + 4*q. Let z be y(-18). Let n(c) be the third derivative of c**6/20 + c**5/30 - c**3/6 - 9*c**2. What is n(z)?
7
Let k = -124 - -132. Suppose -k*l + 4*l - 32 = 0. Let d(z) = z + 0*z + 8 + 6. Determine d(l).
6
Let w = -1118 - -1116. Let h(u) = -u**3 - 5*u**2 - 2*u + 2. Let s(b) = -b**2 + 1. Let f(m) = h(m) - s(m). Determine f(w).
-3
Let p(a) be the third derivative of -1/24*a**4 + 17*a**2 - 5/2*a**3 + 0 + 0*a. Give p(-9).
-6
Let w be (-6)/((-3 - -2) + 2). Let i(h) = -h**2 - 8*h - 17. Let v be i(w). Let j(a) = 2*a**2 + 6*a - 4. Calculate j(v).
16
Suppose 0 = 3*a - 0*a - 3. Suppose -t - 2*t - 1 = w, 1 = 3*w + 5*t. Let m(z) = -4 + 17*z**2 - 9*z**w + 2*z - 7*z**2 + 3. Give m(a).
2
Let y(o) be the second derivative of -o**6/360 + 11*o**5/120 - o**4/24 + 5*o**3/3 - 34*o. Let z(j) be the second derivative of y(j). What is z(10)?
9
Let t(b) be the second derivative of b**4/2 - b**3/6 - b**2 - 49*b - 3. Give t(-2).
24
Let b(l) = -3*l + 6. Suppose 138*z - 128*z = 30. Give b(z).
-3
Let n(k) = 11*k + 7. Let r(q) = 11*q + 6. Let l(t) = -5*n(t) + 6*r(t). Suppose 3*c + 0*c = 0. Suppose c = -2*m - 2. Determine l(m).
-10
Let l = 9 + -23. Let x(f) = f**3 + 15*f**2 + 15*f + 14. Let d be x(l). Let i = 3 - d. Let h(q) = q - 7. Determine h(i).
-4
Let n(a) be the third derivative of 3*a**4/8 - 2*a**3/3 + 9*a**2 - 8*a. Determine n(4).
32
Let j(l) = -2*l**2 - 5*l + 14. Let u(q) = q**2 + 2*q - 7. Let y(g) = -3*j(g) - 5*u(g). Give y(-6).
-1
Let b(l) = 4 + 307*l - 306*l + 3. Calculate b(-6).
1
Let g(h) = -5*h**3 - 11*h**2 - 9*h - 10. Let u(n) = 7*n**3 + 13*n**2 + 10*n + 11. Let i(k) = 4*g(k) + 3*u(k). Calculate i(6).
-7
Let p(m) = -m**2 - 5*m - 5. Let v = 23 - 20. Let y = v + -1. Suppose 0 = -z - 2*n, 4*z + y = 3*z - n. Determine p(z).
-1
Suppose 20 = 5*r - 30. Let z = -15 + r. Let j(n) = n**2 + 6*n + 4. What is j(z)?
-1
Let y(q) = -10*q - 3. Let w be ((-16)/6 - 1)*(3 + -6). S